{"id":48,"date":"2025-09-10T20:23:17","date_gmt":"2025-09-10T17:23:17","guid":{"rendered":"https:\/\/kardeslercamaluminyum.com.tr\/?page_id=48"},"modified":"2025-09-12T20:42:39","modified_gmt":"2025-09-12T17:42:39","slug":"medya","status":"publish","type":"page","link":"https:\/\/kardeslercamaluminyum.com.tr\/index.php\/medya\/","title":{"rendered":"Medya"},"content":{"rendered":"\t\t<div data-elementor-type=\"wp-page\" data-elementor-id=\"48\" class=\"elementor elementor-48\">\n\t\t\t\t<div class=\"elementor-element elementor-element-c4c0e24 e-con-full e-flex e-con e-parent\" data-id=\"c4c0e24\" data-element_type=\"container\" data-e-type=\"container\">\n\t\t\t\t<div class=\"elementor-element elementor-element-8bb5848 elementor-widget elementor-widget-shortcode\" data-id=\"8bb5848\" data-element_type=\"widget\" data-e-type=\"widget\" data-widget_type=\"shortcode.default\">\n\t\t\t\t\t\t\t<div class=\"elementor-shortcode\">        <div class=\"professional-gallery-container\" \n             data-columns=\"4\"\n             data-sound=\"true\"\n             data-lightbox=\"true\"\n             data-animation=\"fade\"\n             data-hover=\"zoom\">\n            \n            <div class=\"gallery-loading\">\n                <div class=\"loading-spinner\"><\/div>\n                <p>Galeri y\u00fckleniyor...<\/p>\n            <\/div>\n            \n            <div class=\"gallery-grid\" style=\"display: none;\">\n                <!-- Resimler buraya y\u00fcklenecek -->\n            <\/div>\n            \n            <div class=\"gallery-controls\">\n                <button class=\"gallery-filter active\" data-filter=\"all\">\n                    <i class=\"fas fa-th\"><\/i> T\u00fcm Referanslar\u0131m\u0131z ve G\u00f6rsel Ama\u00e7l\u0131 Resimler\n                <\/button>\n            <\/div>\n        <\/div>\n        <\/div>\n\t\t\t\t\t\t<\/div>\n\t\t\t\t<\/div>\n\t\t\t\t<\/div>\n\t\t","protected":false},"excerpt":{"rendered":"Galeri y\u00fckleniyor... T\u00fcm Referanslar\u0131m\u0131z ve G\u00f6rsel Ama\u00e7l\u0131 Resimler","protected":false},"author":1,"featured_media":0,"parent":0,"menu_order":0,"comment_status":"closed","ping_status":"closed","template":"elementor_header_footer","meta":{"footnotes":""},"class_list":["post-48","page","type-page","status-publish","hentry"],"yoast_head":"<!-- This site is optimized with the Yoast SEO plugin v27.1.1 - https:\/\/yoast.com\/product\/yoast-seo-wordpress\/ -->\n<title>Medya - Karde\u015fler Cam Balkon Al\u00fcminyun<\/title>\n<meta name=\"robots\" content=\"index, follow, max-snippet:-1, max-image-preview:large, max-video-preview:-1\" \/>\n<link rel=\"canonical\" href=\"https:\/\/kardeslercamaluminyum.com.tr\/index.php\/medya\/\" \/>\n<meta property=\"og:locale\" content=\"tr_TR\" \/>\n<meta property=\"og:type\" content=\"article\" \/>\n<meta property=\"og:title\" content=\"Medya - Karde\u015fler Cam Balkon Al\u00fcminyun\" \/>\n<meta property=\"og:url\" content=\"https:\/\/kardeslercamaluminyum.com.tr\/index.php\/medya\/\" \/>\n<meta property=\"og:site_name\" content=\"Karde\u015fler Cam Balkon Al\u00fcminyun\" \/>\n<meta property=\"article:modified_time\" content=\"2025-09-12T17:42:39+00:00\" \/>\n<meta name=\"twitter:card\" content=\"summary_large_image\" \/>\n<script type=\"application\/ld+json\" class=\"yoast-schema-graph\">{\"@context\":\"https:\/\/schema.org\",\"@graph\":[{\"@type\":\"WebPage\",\"@id\":\"https:\/\/kardeslercamaluminyum.com.tr\/index.php\/medya\/\",\"url\":\"https:\/\/kardeslercamaluminyum.com.tr\/index.php\/medya\/\",\"name\":\"Medya - Karde\u015fler Cam Balkon Al\u00fcminyun\",\"isPartOf\":{\"@id\":\"https:\/\/kardeslercamaluminyum.com.tr\/#website\"},\"datePublished\":\"2025-09-10T17:23:17+00:00\",\"dateModified\":\"2025-09-12T17:42:39+00:00\",\"breadcrumb\":{\"@id\":\"https:\/\/kardeslercamaluminyum.com.tr\/index.php\/medya\/#breadcrumb\"},\"inLanguage\":\"tr\",\"potentialAction\":[{\"@type\":\"ReadAction\",\"target\":[\"https:\/\/kardeslercamaluminyum.com.tr\/index.php\/medya\/\"]}]},{\"@type\":\"BreadcrumbList\",\"@id\":\"https:\/\/kardeslercamaluminyum.com.tr\/index.php\/medya\/#breadcrumb\",\"itemListElement\":[{\"@type\":\"ListItem\",\"position\":1,\"name\":\"Anasayfa\",\"item\":\"https:\/\/kardeslercamaluminyum.com.tr\/\"},{\"@type\":\"ListItem\",\"position\":2,\"name\":\"Medya\"}]},{\"@type\":\"WebSite\",\"@id\":\"https:\/\/kardeslercamaluminyum.com.tr\/#website\",\"url\":\"https:\/\/kardeslercamaluminyum.com.tr\/\",\"name\":\"Karde\u015fler Cam Balkon Al\u00fcminyun\",\"description\":\"\",\"publisher\":{\"@id\":\"https:\/\/kardeslercamaluminyum.com.tr\/#organization\"},\"potentialAction\":[{\"@type\":\"SearchAction\",\"target\":{\"@type\":\"EntryPoint\",\"urlTemplate\":\"https:\/\/kardeslercamaluminyum.com.tr\/?s={search_term_string}\"},\"query-input\":{\"@type\":\"PropertyValueSpecification\",\"valueRequired\":true,\"valueName\":\"search_term_string\"}}],\"inLanguage\":\"tr\"},{\"@type\":\"Organization\",\"@id\":\"https:\/\/kardeslercamaluminyum.com.tr\/#organization\",\"name\":\"Karde\u015fler Cam Balkon Al\u00fcminyun\",\"url\":\"https:\/\/kardeslercamaluminyum.com.tr\/\",\"logo\":{\"@type\":\"ImageObject\",\"inLanguage\":\"tr\",\"@id\":\"https:\/\/kardeslercamaluminyum.com.tr\/#\/schema\/logo\/image\/\",\"url\":\"https:\/\/kardeslercamaluminyum.com.tr\/wp-content\/uploads\/2025\/09\/image.jpg\",\"contentUrl\":\"https:\/\/kardeslercamaluminyum.com.tr\/wp-content\/uploads\/2025\/09\/image.jpg\",\"width\":960,\"height\":960,\"caption\":\"Karde\u015fler Cam Balkon Al\u00fcminyun\"},\"image\":{\"@id\":\"https:\/\/kardeslercamaluminyum.com.tr\/#\/schema\/logo\/image\/\"}}]}<\/script>\n<!-- \/ Yoast SEO plugin. -->","yoast_head_json":{"title":"Medya - Karde\u015fler Cam Balkon Al\u00fcminyun","robots":{"index":"index","follow":"follow","max-snippet":"max-snippet:-1","max-image-preview":"max-image-preview:large","max-video-preview":"max-video-preview:-1"},"canonical":"https:\/\/kardeslercamaluminyum.com.tr\/index.php\/medya\/","og_locale":"tr_TR","og_type":"article","og_title":"Medya - Karde\u015fler Cam Balkon Al\u00fcminyun","og_url":"https:\/\/kardeslercamaluminyum.com.tr\/index.php\/medya\/","og_site_name":"Karde\u015fler Cam Balkon Al\u00fcminyun","article_modified_time":"2025-09-12T17:42:39+00:00","twitter_card":"summary_large_image","schema":{"@context":"https:\/\/schema.org","@graph":[{"@type":"WebPage","@id":"https:\/\/kardeslercamaluminyum.com.tr\/index.php\/medya\/","url":"https:\/\/kardeslercamaluminyum.com.tr\/index.php\/medya\/","name":"Medya - Karde\u015fler Cam Balkon Al\u00fcminyun","isPartOf":{"@id":"https:\/\/kardeslercamaluminyum.com.tr\/#website"},"datePublished":"2025-09-10T17:23:17+00:00","dateModified":"2025-09-12T17:42:39+00:00","breadcrumb":{"@id":"https:\/\/kardeslercamaluminyum.com.tr\/index.php\/medya\/#breadcrumb"},"inLanguage":"tr","potentialAction":[{"@type":"ReadAction","target":["https:\/\/kardeslercamaluminyum.com.tr\/index.php\/medya\/"]}]},{"@type":"BreadcrumbList","@id":"https:\/\/kardeslercamaluminyum.com.tr\/index.php\/medya\/#breadcrumb","itemListElement":[{"@type":"ListItem","position":1,"name":"Anasayfa","item":"https:\/\/kardeslercamaluminyum.com.tr\/"},{"@type":"ListItem","position":2,"name":"Medya"}]},{"@type":"WebSite","@id":"https:\/\/kardeslercamaluminyum.com.tr\/#website","url":"https:\/\/kardeslercamaluminyum.com.tr\/","name":"Karde\u015fler Cam Balkon Al\u00fcminyun","description":"","publisher":{"@id":"https:\/\/kardeslercamaluminyum.com.tr\/#organization"},"potentialAction":[{"@type":"SearchAction","target":{"@type":"EntryPoint","urlTemplate":"https:\/\/kardeslercamaluminyum.com.tr\/?s={search_term_string}"},"query-input":{"@type":"PropertyValueSpecification","valueRequired":true,"valueName":"search_term_string"}}],"inLanguage":"tr"},{"@type":"Organization","@id":"https:\/\/kardeslercamaluminyum.com.tr\/#organization","name":"Karde\u015fler Cam Balkon Al\u00fcminyun","url":"https:\/\/kardeslercamaluminyum.com.tr\/","logo":{"@type":"ImageObject","inLanguage":"tr","@id":"https:\/\/kardeslercamaluminyum.com.tr\/#\/schema\/logo\/image\/","url":"https:\/\/kardeslercamaluminyum.com.tr\/wp-content\/uploads\/2025\/09\/image.jpg","contentUrl":"https:\/\/kardeslercamaluminyum.com.tr\/wp-content\/uploads\/2025\/09\/image.jpg","width":960,"height":960,"caption":"Karde\u015fler Cam Balkon Al\u00fcminyun"},"image":{"@id":"https:\/\/kardeslercamaluminyum.com.tr\/#\/schema\/logo\/image\/"}}]}},"_links":{"self":[{"href":"https:\/\/kardeslercamaluminyum.com.tr\/index.php\/wp-json\/wp\/v2\/pages\/48","targetHints":{"allow":["GET"]}}],"collection":[{"href":"https:\/\/kardeslercamaluminyum.com.tr\/index.php\/wp-json\/wp\/v2\/pages"}],"about":[{"href":"https:\/\/kardeslercamaluminyum.com.tr\/index.php\/wp-json\/wp\/v2\/types\/page"}],"author":[{"embeddable":true,"href":"https:\/\/kardeslercamaluminyum.com.tr\/index.php\/wp-json\/wp\/v2\/users\/1"}],"replies":[{"embeddable":true,"href":"https:\/\/kardeslercamaluminyum.com.tr\/index.php\/wp-json\/wp\/v2\/comments?post=48"}],"version-history":[{"count":4,"href":"https:\/\/kardeslercamaluminyum.com.tr\/index.php\/wp-json\/wp\/v2\/pages\/48\/revisions"}],"predecessor-version":[{"id":2537,"href":"https:\/\/kardeslercamaluminyum.com.tr\/index.php\/wp-json\/wp\/v2\/pages\/48\/revisions\/2537"}],"wp:attachment":[{"href":"https:\/\/kardeslercamaluminyum.com.tr\/index.php\/wp-json\/wp\/v2\/media?parent=48"}],"curies":[{"name":"wp","href":"https:\/\/api.w.org\/{rel}","templated":true}]}}